{"id":64,"date":"2023-09-26T22:14:00","date_gmt":"2023-09-26T20:14:00","guid":{"rendered":"https:\/\/intelligenteetaudacieuse.com\/?page_id=64"},"modified":"2024-03-05T15:56:28","modified_gmt":"2024-03-05T14:56:28","slug":"outils","status":"publish","type":"page","link":"https:\/\/intelligenteetaudacieuse.com\/index.php\/outils\/","title":{"rendered":"Outils"},"content":{"rendered":"\t\t<div data-elementor-type=\"wp-page\" data-elementor-id=\"64\" class=\"elementor elementor-64\">\n\t\t\t\t<div class=\"elementor-element elementor-element-cec77b1 e-flex e-con-boxed e-con e-parent\" data-id=\"cec77b1\" data-element_type=\"container\" data-e-type=\"container\">\n\t\t\t\t\t<div class=\"e-con-inner\">\n\t\t<div class=\"elementor-element elementor-element-e465385 e-con-full e-flex e-con e-child\" data-id=\"e465385\" data-element_type=\"container\" data-e-type=\"container\">\n\t\t\t\t<div class=\"elementor-element elementor-element-9f7e8f9 elementor-widget__width-initial elementor-widget elementor-widget-heading\" data-id=\"9f7e8f9\" data-element_type=\"widget\" data-e-type=\"widget\" data-widget_type=\"heading.default\">\n\t\t\t\t<div class=\"elementor-widget-container\">\n\t\t\t\t\t<h1 class=\"elementor-heading-title elementor-size-default\">LES outils <br>  <i>QUE JE<\/i><i> <\/i><i>RECOMMANDE<\/i><\/h1>\t\t\t\t<\/div>\n\t\t\t\t<\/div>\n\t\t\t\t<\/div>\n\t\t\t\t\t<\/div>\n\t\t\t\t<\/div>\n\t\t<div class=\"elementor-element elementor-element-47d8185 e-flex e-con-boxed e-con e-parent\" data-id=\"47d8185\" data-element_type=\"container\" data-e-type=\"container\">\n\t\t\t\t\t<div class=\"e-con-inner\">\n\t\t<div class=\"elementor-element elementor-element-c58bba7 e-con-full e-flex e-con e-child\" data-id=\"c58bba7\" data-element_type=\"container\" data-e-type=\"container\" data-settings=\"{&quot;background_background&quot;:&quot;classic&quot;}\">\n\t\t<div class=\"elementor-element elementor-element-a07f580 e-con-full e-flex e-con e-child\" data-id=\"a07f580\" data-element_type=\"container\" data-e-type=\"container\" data-settings=\"{&quot;background_background&quot;:&quot;classic&quot;}\">\n\t\t\t\t<div class=\"elementor-element elementor-element-a319136 elementor-widget__width-initial elementor-widget elementor-widget-image\" data-id=\"a319136\" data-element_type=\"widget\" data-e-type=\"widget\" data-widget_type=\"image.default\">\n\t\t\t\t<div class=\"elementor-widget-container\">\n\t\t\t\t\t\t\t\t\t\t\t\t\t\t\t<img fetchpriority=\"high\" decoding=\"async\" width=\"294\" height=\"435\" src=\"https:\/\/intelligenteetaudacieuse.com\/wp-content\/uploads\/2023\/11\/tempImage9n9H1C-removebg-preview-e1700490888159.png\" class=\"attachment-large size-large wp-image-1136\" alt=\"\" srcset=\"https:\/\/intelligenteetaudacieuse.com\/wp-content\/uploads\/2023\/11\/tempImage9n9H1C-removebg-preview-e1700490888159.png 294w, https:\/\/intelligenteetaudacieuse.com\/wp-content\/uploads\/2023\/11\/tempImage9n9H1C-removebg-preview-e1700490888159-203x300.png 203w\" sizes=\"(max-width: 294px) 100vw, 294px\" \/>\t\t\t\t\t\t\t\t\t\t\t\t\t\t\t<\/div>\n\t\t\t\t<\/div>\n\t\t\t\t<\/div>\n\t\t<div class=\"elementor-element elementor-element-13ebd93 e-con-full e-flex e-con e-child\" data-id=\"13ebd93\" data-element_type=\"container\" data-e-type=\"container\">\n\t\t\t\t<div class=\"elementor-element elementor-element-c84ba41 elementor-widget elementor-widget-heading\" data-id=\"c84ba41\" data-element_type=\"widget\" data-e-type=\"widget\" data-widget_type=\"heading.default\">\n\t\t\t\t<div class=\"elementor-widget-container\">\n\t\t\t\t\t<h2 class=\"elementor-heading-title elementor-size-default\">\u00ab Les bons outils font les bons ouvriers. \u00bb<\/h2>\t\t\t\t<\/div>\n\t\t\t\t<\/div>\n\t\t\t\t<div class=\"elementor-element elementor-element-b3ea16c elementor-widget elementor-widget-spacer\" data-id=\"b3ea16c\" data-element_type=\"widget\" data-e-type=\"widget\" data-widget_type=\"spacer.default\">\n\t\t\t\t<div class=\"elementor-widget-container\">\n\t\t\t\t\t\t\t<div class=\"elementor-spacer\">\n\t\t\t<div class=\"elementor-spacer-inner\"><\/div>\n\t\t<\/div>\n\t\t\t\t\t\t<\/div>\n\t\t\t\t<\/div>\n\t\t\t\t<div class=\"elementor-element elementor-element-77da0e6 elementor-widget__width-initial elementor-widget elementor-widget-text-editor\" data-id=\"77da0e6\" data-element_type=\"widget\" data-e-type=\"widget\" data-widget_type=\"text-editor.default\">\n\t\t\t\t<div class=\"elementor-widget-container\">\n\t\t\t\t\t\t\t\t\t<p><span id=\"p0\">Se munir des <strong>bons moyens<\/strong>, te permettront de s\u00e9curiser ta <strong>r\u00e9ussite<\/strong>.\u00a0<\/span><\/p><p><span id=\"p0\">Je t&#8217;ai donc minutieusement s\u00e9lectionn\u00e9e des outils dont tu aurais besoin afin <strong>d&#8217;\u00e9largir<\/strong> ton espace d&#8217;<strong>\u00e9veil personnel<\/strong>. \ud83e\udef6\ud83c\udffc\u2728<\/span><\/p><p>\u00a0<\/p>\t\t\t\t\t\t\t\t<\/div>\n\t\t\t\t<\/div>\n\t\t\t\t<div class=\"elementor-element elementor-element-55c9a6a elementor-widget elementor-widget-spacer\" data-id=\"55c9a6a\" data-element_type=\"widget\" data-e-type=\"widget\" data-widget_type=\"spacer.default\">\n\t\t\t\t<div class=\"elementor-widget-container\">\n\t\t\t\t\t\t\t<div class=\"elementor-spacer\">\n\t\t\t<div class=\"elementor-spacer-inner\"><\/div>\n\t\t<\/div>\n\t\t\t\t\t\t<\/div>\n\t\t\t\t<\/div>\n\t\t\t\t<\/div>\n\t\t\t\t<\/div>\n\t\t\t\t\t<\/div>\n\t\t\t\t<\/div>\n\t\t<div class=\"elementor-element elementor-element-a4bc746 e-flex e-con-boxed e-con e-parent\" data-id=\"a4bc746\" data-element_type=\"container\" data-e-type=\"container\">\n\t\t\t\t\t<div class=\"e-con-inner\">\n\t\t\t\t<div class=\"elementor-element elementor-element-26132c2 elementor-widget-divider--view-line elementor-widget elementor-widget-divider\" data-id=\"26132c2\" data-element_type=\"widget\" data-e-type=\"widget\" data-widget_type=\"divider.default\">\n\t\t\t\t<div class=\"elementor-widget-container\">\n\t\t\t\t\t\t\t<div class=\"elementor-divider\">\n\t\t\t<span class=\"elementor-divider-separator\">\n\t\t\t\t\t\t<\/span>\n\t\t<\/div>\n\t\t\t\t\t\t<\/div>\n\t\t\t\t<\/div>\n\t\t\t\t\t<\/div>\n\t\t\t\t<\/div>\n\t\t<div class=\"elementor-element elementor-element-4991d90 e-flex e-con-boxed e-con e-parent\" data-id=\"4991d90\" data-element_type=\"container\" data-e-type=\"container\">\n\t\t\t\t\t<div class=\"e-con-inner\">\n\t\t<div class=\"elementor-element elementor-element-5cf6dfc e-con-full e-flex e-con e-child\" data-id=\"5cf6dfc\" data-element_type=\"container\" data-e-type=\"container\">\n\t\t\t\t<div class=\"elementor-element elementor-element-c65fc6d elementor-widget elementor-widget-image\" data-id=\"c65fc6d\" data-element_type=\"widget\" data-e-type=\"widget\" data-widget_type=\"image.default\">\n\t\t\t\t<div class=\"elementor-widget-container\">\n\t\t\t\t\t\t\t\t\t\t\t\t\t\t\t\t<a href=\"https:\/\/systeme.io\/?sa=sa00061342575bd435228c5dcbc4b239c637a96de7aa\">\n\t\t\t\t\t\t\t<img decoding=\"async\" width=\"683\" height=\"1024\" src=\"https:\/\/intelligenteetaudacieuse.com\/wp-content\/uploads\/2023\/11\/SYSTEME.IO_-683x1024.png\" class=\"attachment-large size-large wp-image-1219\" alt=\"\" srcset=\"https:\/\/intelligenteetaudacieuse.com\/wp-content\/uploads\/2023\/11\/SYSTEME.IO_-683x1024.png 683w, https:\/\/intelligenteetaudacieuse.com\/wp-content\/uploads\/2023\/11\/SYSTEME.IO_-200x300.png 200w, https:\/\/intelligenteetaudacieuse.com\/wp-content\/uploads\/2023\/11\/SYSTEME.IO_-768x1152.png 768w, https:\/\/intelligenteetaudacieuse.com\/wp-content\/uploads\/2023\/11\/SYSTEME.IO_.png 800w\" sizes=\"(max-width: 683px) 100vw, 683px\" \/>\t\t\t\t\t\t\t\t<\/a>\n\t\t\t\t\t\t\t\t\t\t\t\t\t\t\t<\/div>\n\t\t\t\t<\/div>\n\t\t\t\t<div class=\"elementor-element elementor-element-7e198b6 elementor-align-center e-transform elementor-widget elementor-widget-button\" data-id=\"7e198b6\" data-element_type=\"widget\" data-e-type=\"widget\" data-settings=\"{&quot;_transform_translateY_effect&quot;:{&quot;unit&quot;:&quot;px&quot;,&quot;size&quot;:-44,&quot;sizes&quot;:[]},&quot;_transform_translateX_effect&quot;:{&quot;unit&quot;:&quot;px&quot;,&quot;size&quot;:&quot;&quot;,&quot;sizes&quot;:[]},&quot;_transform_translateX_effect_tablet&quot;:{&quot;unit&quot;:&quot;px&quot;,&quot;size&quot;:&quot;&quot;,&quot;sizes&quot;:[]},&quot;_transform_translateX_effect_mobile&quot;:{&quot;unit&quot;:&quot;px&quot;,&quot;size&quot;:&quot;&quot;,&quot;sizes&quot;:[]},&quot;_transform_translateY_effect_tablet&quot;:{&quot;unit&quot;:&quot;px&quot;,&quot;size&quot;:&quot;&quot;,&quot;sizes&quot;:[]},&quot;_transform_translateY_effect_mobile&quot;:{&quot;unit&quot;:&quot;px&quot;,&quot;size&quot;:&quot;&quot;,&quot;sizes&quot;:[]}}\" data-widget_type=\"button.default\">\n\t\t\t\t<div class=\"elementor-widget-container\">\n\t\t\t\t\t\t\t\t\t<div class=\"elementor-button-wrapper\">\n\t\t\t\t\t<a class=\"elementor-button elementor-button-link elementor-size-lg\" href=\"https:\/\/systeme.io\/?sa=sa00061342575bd435228c5dcbc4b239c637a96de7aa\">\n\t\t\t\t\t\t<span class=\"elementor-button-content-wrapper\">\n\t\t\t\t\t\t\t\t\t<span class=\"elementor-button-text\">SYSTEME IO<\/span>\n\t\t\t\t\t<\/span>\n\t\t\t\t\t<\/a>\n\t\t\t\t<\/div>\n\t\t\t\t\t\t\t\t<\/div>\n\t\t\t\t<\/div>\n\t\t\t\t<\/div>\n\t\t<div class=\"elementor-element elementor-element-98a3ee2 e-con-full e-flex e-con e-child\" data-id=\"98a3ee2\" data-element_type=\"container\" data-e-type=\"container\">\n\t\t\t\t<div class=\"elementor-element elementor-element-0b3e300 elementor-widget elementor-widget-image\" data-id=\"0b3e300\" data-element_type=\"widget\" data-e-type=\"widget\" data-widget_type=\"image.default\">\n\t\t\t\t<div class=\"elementor-widget-container\">\n\t\t\t\t\t\t\t\t\t\t\t\t\t\t\t\t<a href=\"https:\/\/hostinger.fr?REFERRALCODE=1FATIMAZAHR91\">\n\t\t\t\t\t\t\t<img decoding=\"async\" width=\"683\" height=\"1024\" src=\"https:\/\/intelligenteetaudacieuse.com\/wp-content\/uploads\/2023\/11\/HOSTINGER-683x1024.png\" class=\"attachment-large size-large wp-image-1239\" alt=\"\" srcset=\"https:\/\/intelligenteetaudacieuse.com\/wp-content\/uploads\/2023\/11\/HOSTINGER-683x1024.png 683w, https:\/\/intelligenteetaudacieuse.com\/wp-content\/uploads\/2023\/11\/HOSTINGER-200x300.png 200w, https:\/\/intelligenteetaudacieuse.com\/wp-content\/uploads\/2023\/11\/HOSTINGER-768x1152.png 768w, https:\/\/intelligenteetaudacieuse.com\/wp-content\/uploads\/2023\/11\/HOSTINGER.png 800w\" sizes=\"(max-width: 683px) 100vw, 683px\" \/>\t\t\t\t\t\t\t\t<\/a>\n\t\t\t\t\t\t\t\t\t\t\t\t\t\t\t<\/div>\n\t\t\t\t<\/div>\n\t\t\t\t<div class=\"elementor-element elementor-element-5814b97 elementor-align-center e-transform elementor-widget elementor-widget-button\" data-id=\"5814b97\" data-element_type=\"widget\" data-e-type=\"widget\" data-settings=\"{&quot;_transform_translateY_effect&quot;:{&quot;unit&quot;:&quot;px&quot;,&quot;size&quot;:-44,&quot;sizes&quot;:[]},&quot;_transform_translateX_effect&quot;:{&quot;unit&quot;:&quot;px&quot;,&quot;size&quot;:&quot;&quot;,&quot;sizes&quot;:[]},&quot;_transform_translateX_effect_tablet&quot;:{&quot;unit&quot;:&quot;px&quot;,&quot;size&quot;:&quot;&quot;,&quot;sizes&quot;:[]},&quot;_transform_translateX_effect_mobile&quot;:{&quot;unit&quot;:&quot;px&quot;,&quot;size&quot;:&quot;&quot;,&quot;sizes&quot;:[]},&quot;_transform_translateY_effect_tablet&quot;:{&quot;unit&quot;:&quot;px&quot;,&quot;size&quot;:&quot;&quot;,&quot;sizes&quot;:[]},&quot;_transform_translateY_effect_mobile&quot;:{&quot;unit&quot;:&quot;px&quot;,&quot;size&quot;:&quot;&quot;,&quot;sizes&quot;:[]}}\" data-widget_type=\"button.default\">\n\t\t\t\t<div class=\"elementor-widget-container\">\n\t\t\t\t\t\t\t\t\t<div class=\"elementor-button-wrapper\">\n\t\t\t\t\t<a class=\"elementor-button elementor-button-link elementor-size-lg\" href=\"https:\/\/hostinger.fr?REFERRALCODE=1FATIMAZAHR91\">\n\t\t\t\t\t\t<span class=\"elementor-button-content-wrapper\">\n\t\t\t\t\t\t\t\t\t<span class=\"elementor-button-text\">HOSTINGER<\/span>\n\t\t\t\t\t<\/span>\n\t\t\t\t\t<\/a>\n\t\t\t\t<\/div>\n\t\t\t\t\t\t\t\t<\/div>\n\t\t\t\t<\/div>\n\t\t\t\t<\/div>\n\t\t<div class=\"elementor-element elementor-element-5acc71e e-con-full e-flex e-con e-child\" data-id=\"5acc71e\" data-element_type=\"container\" data-e-type=\"container\">\n\t\t\t\t<\/div>\n\t\t\t\t\t<\/div>\n\t\t\t\t<\/div>\n\t\t\t\t<\/div>\n\t\t<p><a href=\"\/\/www.pinterest.com\/pin\/create\/button\/\" data-pin-do=\"buttonBookmark\" data-pin-color=\"red\" data-pin-height=\"128\"><img decoding=\"async\" src=\"\/\/assets.pinterest.com\/images\/pidgets\/pinit_fg_en_rect_red_28.png\" \/><\/a><\/p>","protected":false},"excerpt":{"rendered":"<p>LES outils QUE JE RECOMMANDE \u00ab Les bons outils font les bons ouvriers. \u00bb Se munir des bons moyens, te permettront de s\u00e9curiser ta r\u00e9ussite.\u00a0 Je t&#8217;ai donc minutieusement s\u00e9lectionn\u00e9e des outils dont tu aurais besoin afin d&#8217;\u00e9largir ton espace d&#8217;\u00e9veil personnel. \ud83e\udef6\ud83c\udffc\u2728 \u00a0 SYSTEME IO HOSTINGER<\/p>\n","protected":false},"author":1,"featured_media":0,"parent":0,"menu_order":0,"comment_status":"closed","ping_status":"closed","template":"","meta":{"ocean_post_layout":"","ocean_both_sidebars_style":"","ocean_both_sidebars_content_width":0,"ocean_both_sidebars_sidebars_width":0,"ocean_sidebar":"","ocean_second_sidebar":"","ocean_disable_margins":"enable","ocean_add_body_class":"","ocean_shortcode_before_top_bar":"","ocean_shortcode_after_top_bar":"","ocean_shortcode_before_header":"","ocean_shortcode_after_header":"","ocean_has_shortcode":"","ocean_shortcode_after_title":"","ocean_shortcode_before_footer_widgets":"","ocean_shortcode_after_footer_widgets":"","ocean_shortcode_before_footer_bottom":"","ocean_shortcode_after_footer_bottom":"","ocean_display_top_bar":"default","ocean_display_header":"default","ocean_header_style":"","ocean_center_header_left_menu":"","ocean_custom_header_template":"","ocean_custom_logo":0,"ocean_custom_retina_logo":0,"ocean_custom_logo_max_width":0,"ocean_custom_logo_tablet_max_width":0,"ocean_custom_logo_mobile_max_width":0,"ocean_custom_logo_max_height":0,"ocean_custom_logo_tablet_max_height":0,"ocean_custom_logo_mobile_max_height":0,"ocean_header_custom_menu":"","ocean_menu_typo_font_family":"","ocean_menu_typo_font_subset":"","ocean_menu_typo_font_size":0,"ocean_menu_typo_font_size_tablet":0,"ocean_menu_typo_font_size_mobile":0,"ocean_menu_typo_font_size_unit":"px","ocean_menu_typo_font_weight":"","ocean_menu_typo_font_weight_tablet":"","ocean_menu_typo_font_weight_mobile":"","ocean_menu_typo_transform":"","ocean_menu_typo_transform_tablet":"","ocean_menu_typo_transform_mobile":"","ocean_menu_typo_line_height":0,"ocean_menu_typo_line_height_tablet":0,"ocean_menu_typo_line_height_mobile":0,"ocean_menu_typo_line_height_unit":"","ocean_menu_typo_spacing":0,"ocean_menu_typo_spacing_tablet":0,"ocean_menu_typo_spacing_mobile":0,"ocean_menu_typo_spacing_unit":"","ocean_menu_link_color":"","ocean_menu_link_color_hover":"","ocean_menu_link_color_active":"","ocean_menu_link_background":"","ocean_menu_link_hover_background":"","ocean_menu_link_active_background":"","ocean_menu_social_links_bg":"","ocean_menu_social_hover_links_bg":"","ocean_menu_social_links_color":"","ocean_menu_social_hover_links_color":"","ocean_disable_title":"default","ocean_disable_heading":"default","ocean_post_title":"","ocean_post_subheading":"","ocean_post_title_style":"","ocean_post_title_background_color":"","ocean_post_title_background":0,"ocean_post_title_bg_image_position":"","ocean_post_title_bg_image_attachment":"","ocean_post_title_bg_image_repeat":"","ocean_post_title_bg_image_size":"","ocean_post_title_height":0,"ocean_post_title_bg_overlay":0.5,"ocean_post_title_bg_overlay_color":"","ocean_disable_breadcrumbs":"default","ocean_breadcrumbs_color":"","ocean_breadcrumbs_separator_color":"","ocean_breadcrumbs_links_color":"","ocean_breadcrumbs_links_hover_color":"","ocean_display_footer_widgets":"default","ocean_display_footer_bottom":"default","ocean_custom_footer_template":"","footnotes":""},"class_list":["post-64","page","type-page","status-publish","hentry","entry"],"yoast_head":"<!-- This site is optimized with the Yoast SEO plugin v27.5 - https:\/\/yoast.com\/product\/yoast-seo-wordpress\/ -->\n<title>Outils - Intelligente&amp;Audacieuse<\/title>\n<meta name=\"description\" content=\"D\u00e9couvre la section Outils qui te permettra de trouver the outil qui correspondra en fonction de ton besoin.\ud83d\ude09\" \/>\n<meta name=\"robots\" content=\"index, follow, max-snippet:-1, max-image-preview:large, max-video-preview:-1\" \/>\n<link rel=\"canonical\" href=\"https:\/\/intelligenteetaudacieuse.com\/index.php\/outils\/\" \/>\n<meta property=\"og:locale\" content=\"en_US\" \/>\n<meta property=\"og:type\" content=\"article\" \/>\n<meta property=\"og:title\" content=\"Outils - Intelligente&amp;Audacieuse\" \/>\n<meta property=\"og:description\" content=\"D\u00e9couvre la section Outils qui te permettra de trouver the outil qui correspondra en fonction de ton besoin.\ud83d\ude09\" \/>\n<meta property=\"og:url\" content=\"https:\/\/intelligenteetaudacieuse.com\/index.php\/outils\/\" \/>\n<meta property=\"og:site_name\" content=\"Intelligente&amp;Audacieuse\" \/>\n<meta property=\"article:publisher\" content=\"https:\/\/www.facebook.com\/profile.php?id=61553709681320\" \/>\n<meta property=\"article:modified_time\" content=\"2024-03-05T14:56:28+00:00\" \/>\n<meta property=\"og:image\" content=\"https:\/\/intelligenteetaudacieuse.com\/wp-content\/uploads\/2023\/11\/tempImage9n9H1C-removebg-preview-e1700490888159.png\" \/>\n<meta name=\"twitter:card\" content=\"summary_large_image\" \/>\n<meta name=\"twitter:label1\" content=\"Est. reading time\" \/>\n\t<meta name=\"twitter:data1\" content=\"1 minute\" \/>\n<script type=\"application\/ld+json\" class=\"yoast-schema-graph\">{\"@context\":\"https:\\\/\\\/schema.org\",\"@graph\":[{\"@type\":\"WebPage\",\"@id\":\"https:\\\/\\\/intelligenteetaudacieuse.com\\\/index.php\\\/outils\\\/\",\"url\":\"https:\\\/\\\/intelligenteetaudacieuse.com\\\/index.php\\\/outils\\\/\",\"name\":\"Outils - Intelligente&amp;Audacieuse\",\"isPartOf\":{\"@id\":\"https:\\\/\\\/intelligenteetaudacieuse.com\\\/#website\"},\"primaryImageOfPage\":{\"@id\":\"https:\\\/\\\/intelligenteetaudacieuse.com\\\/index.php\\\/outils\\\/#primaryimage\"},\"image\":{\"@id\":\"https:\\\/\\\/intelligenteetaudacieuse.com\\\/index.php\\\/outils\\\/#primaryimage\"},\"thumbnailUrl\":\"https:\\\/\\\/intelligenteetaudacieuse.com\\\/wp-content\\\/uploads\\\/2023\\\/11\\\/tempImage9n9H1C-removebg-preview-e1700490888159.png\",\"datePublished\":\"2023-09-26T20:14:00+00:00\",\"dateModified\":\"2024-03-05T14:56:28+00:00\",\"description\":\"D\u00e9couvre la section Outils qui te permettra de trouver the outil qui correspondra en fonction de ton besoin.\ud83d\ude09\",\"breadcrumb\":{\"@id\":\"https:\\\/\\\/intelligenteetaudacieuse.com\\\/index.php\\\/outils\\\/#breadcrumb\"},\"inLanguage\":\"en-US\",\"potentialAction\":[{\"@type\":\"ReadAction\",\"target\":[\"https:\\\/\\\/intelligenteetaudacieuse.com\\\/index.php\\\/outils\\\/\"]}]},{\"@type\":\"ImageObject\",\"inLanguage\":\"en-US\",\"@id\":\"https:\\\/\\\/intelligenteetaudacieuse.com\\\/index.php\\\/outils\\\/#primaryimage\",\"url\":\"https:\\\/\\\/intelligenteetaudacieuse.com\\\/wp-content\\\/uploads\\\/2023\\\/11\\\/tempImage9n9H1C-removebg-preview-e1700490888159.png\",\"contentUrl\":\"https:\\\/\\\/intelligenteetaudacieuse.com\\\/wp-content\\\/uploads\\\/2023\\\/11\\\/tempImage9n9H1C-removebg-preview-e1700490888159.png\",\"width\":294,\"height\":435},{\"@type\":\"BreadcrumbList\",\"@id\":\"https:\\\/\\\/intelligenteetaudacieuse.com\\\/index.php\\\/outils\\\/#breadcrumb\",\"itemListElement\":[{\"@type\":\"ListItem\",\"position\":1,\"name\":\"Accueil\",\"item\":\"https:\\\/\\\/intelligenteetaudacieuse.com\\\/\"},{\"@type\":\"ListItem\",\"position\":2,\"name\":\"Outils\"}]},{\"@type\":\"WebSite\",\"@id\":\"https:\\\/\\\/intelligenteetaudacieuse.com\\\/#website\",\"url\":\"https:\\\/\\\/intelligenteetaudacieuse.com\\\/\",\"name\":\"Intelligente&Audacieuse\",\"description\":\"Conseils, Recommandations et Confort\",\"publisher\":{\"@id\":\"https:\\\/\\\/intelligenteetaudacieuse.com\\\/#organization\"},\"potentialAction\":[{\"@type\":\"SearchAction\",\"target\":{\"@type\":\"EntryPoint\",\"urlTemplate\":\"https:\\\/\\\/intelligenteetaudacieuse.com\\\/?s={search_term_string}\"},\"query-input\":{\"@type\":\"PropertyValueSpecification\",\"valueRequired\":true,\"valueName\":\"search_term_string\"}}],\"inLanguage\":\"en-US\"},{\"@type\":\"Organization\",\"@id\":\"https:\\\/\\\/intelligenteetaudacieuse.com\\\/#organization\",\"name\":\"Intelligente&Audacieuse\",\"url\":\"https:\\\/\\\/intelligenteetaudacieuse.com\\\/\",\"logo\":{\"@type\":\"ImageObject\",\"inLanguage\":\"en-US\",\"@id\":\"https:\\\/\\\/intelligenteetaudacieuse.com\\\/#\\\/schema\\\/logo\\\/image\\\/\",\"url\":\"https:\\\/\\\/intelligenteetaudacieuse.com\\\/wp-content\\\/uploads\\\/2023\\\/11\\\/cropped-cropped-Ambitieuse_copie_2-removebg-preview.png\",\"contentUrl\":\"https:\\\/\\\/intelligenteetaudacieuse.com\\\/wp-content\\\/uploads\\\/2023\\\/11\\\/cropped-cropped-Ambitieuse_copie_2-removebg-preview.png\",\"width\":434,\"height\":192,\"caption\":\"Intelligente&Audacieuse\"},\"image\":{\"@id\":\"https:\\\/\\\/intelligenteetaudacieuse.com\\\/#\\\/schema\\\/logo\\\/image\\\/\"},\"sameAs\":[\"https:\\\/\\\/www.facebook.com\\\/profile.php?id=61553709681320\",\"https:\\\/\\\/www.pinterest.fr58f9fa0dec6fd0fdad06858f2db4ea57\",\"https:\\\/\\\/www.instagram.com\\\/intelligenteetaudacieuse\\\/\",\"https:\\\/\\\/www.linkedin.com\\\/company\\\/86211223\\\/admin\\\/feed\\\/posts\\\/?feedType=following\",\"https:\\\/\\\/www.youtube.com\\\/channel\\\/UC4vJC9O5Wzdc9y-HdHQJN2g\"]}]}<\/script>\n<!-- \/ Yoast SEO plugin. -->","yoast_head_json":{"title":"Outils - Intelligente&amp;Audacieuse","description":"D\u00e9couvre la section Outils qui te permettra de trouver the outil qui correspondra en fonction de ton besoin.\ud83d\ude09","robots":{"index":"index","follow":"follow","max-snippet":"max-snippet:-1","max-image-preview":"max-image-preview:large","max-video-preview":"max-video-preview:-1"},"canonical":"https:\/\/intelligenteetaudacieuse.com\/index.php\/outils\/","og_locale":"en_US","og_type":"article","og_title":"Outils - Intelligente&amp;Audacieuse","og_description":"D\u00e9couvre la section Outils qui te permettra de trouver the outil qui correspondra en fonction de ton besoin.\ud83d\ude09","og_url":"https:\/\/intelligenteetaudacieuse.com\/index.php\/outils\/","og_site_name":"Intelligente&amp;Audacieuse","article_publisher":"https:\/\/www.facebook.com\/profile.php?id=61553709681320","article_modified_time":"2024-03-05T14:56:28+00:00","og_image":[{"url":"https:\/\/intelligenteetaudacieuse.com\/wp-content\/uploads\/2023\/11\/tempImage9n9H1C-removebg-preview-e1700490888159.png","type":"","width":"","height":""}],"twitter_card":"summary_large_image","twitter_misc":{"Est. reading time":"1 minute"},"schema":{"@context":"https:\/\/schema.org","@graph":[{"@type":"WebPage","@id":"https:\/\/intelligenteetaudacieuse.com\/index.php\/outils\/","url":"https:\/\/intelligenteetaudacieuse.com\/index.php\/outils\/","name":"Outils - Intelligente&amp;Audacieuse","isPartOf":{"@id":"https:\/\/intelligenteetaudacieuse.com\/#website"},"primaryImageOfPage":{"@id":"https:\/\/intelligenteetaudacieuse.com\/index.php\/outils\/#primaryimage"},"image":{"@id":"https:\/\/intelligenteetaudacieuse.com\/index.php\/outils\/#primaryimage"},"thumbnailUrl":"https:\/\/intelligenteetaudacieuse.com\/wp-content\/uploads\/2023\/11\/tempImage9n9H1C-removebg-preview-e1700490888159.png","datePublished":"2023-09-26T20:14:00+00:00","dateModified":"2024-03-05T14:56:28+00:00","description":"D\u00e9couvre la section Outils qui te permettra de trouver the outil qui correspondra en fonction de ton besoin.\ud83d\ude09","breadcrumb":{"@id":"https:\/\/intelligenteetaudacieuse.com\/index.php\/outils\/#breadcrumb"},"inLanguage":"en-US","potentialAction":[{"@type":"ReadAction","target":["https:\/\/intelligenteetaudacieuse.com\/index.php\/outils\/"]}]},{"@type":"ImageObject","inLanguage":"en-US","@id":"https:\/\/intelligenteetaudacieuse.com\/index.php\/outils\/#primaryimage","url":"https:\/\/intelligenteetaudacieuse.com\/wp-content\/uploads\/2023\/11\/tempImage9n9H1C-removebg-preview-e1700490888159.png","contentUrl":"https:\/\/intelligenteetaudacieuse.com\/wp-content\/uploads\/2023\/11\/tempImage9n9H1C-removebg-preview-e1700490888159.png","width":294,"height":435},{"@type":"BreadcrumbList","@id":"https:\/\/intelligenteetaudacieuse.com\/index.php\/outils\/#breadcrumb","itemListElement":[{"@type":"ListItem","position":1,"name":"Accueil","item":"https:\/\/intelligenteetaudacieuse.com\/"},{"@type":"ListItem","position":2,"name":"Outils"}]},{"@type":"WebSite","@id":"https:\/\/intelligenteetaudacieuse.com\/#website","url":"https:\/\/intelligenteetaudacieuse.com\/","name":"Intelligente&Audacieuse","description":"Conseils, Recommandations et Confort","publisher":{"@id":"https:\/\/intelligenteetaudacieuse.com\/#organization"},"potentialAction":[{"@type":"SearchAction","target":{"@type":"EntryPoint","urlTemplate":"https:\/\/intelligenteetaudacieuse.com\/?s={search_term_string}"},"query-input":{"@type":"PropertyValueSpecification","valueRequired":true,"valueName":"search_term_string"}}],"inLanguage":"en-US"},{"@type":"Organization","@id":"https:\/\/intelligenteetaudacieuse.com\/#organization","name":"Intelligente&Audacieuse","url":"https:\/\/intelligenteetaudacieuse.com\/","logo":{"@type":"ImageObject","inLanguage":"en-US","@id":"https:\/\/intelligenteetaudacieuse.com\/#\/schema\/logo\/image\/","url":"https:\/\/intelligenteetaudacieuse.com\/wp-content\/uploads\/2023\/11\/cropped-cropped-Ambitieuse_copie_2-removebg-preview.png","contentUrl":"https:\/\/intelligenteetaudacieuse.com\/wp-content\/uploads\/2023\/11\/cropped-cropped-Ambitieuse_copie_2-removebg-preview.png","width":434,"height":192,"caption":"Intelligente&Audacieuse"},"image":{"@id":"https:\/\/intelligenteetaudacieuse.com\/#\/schema\/logo\/image\/"},"sameAs":["https:\/\/www.facebook.com\/profile.php?id=61553709681320","https:\/\/www.pinterest.fr58f9fa0dec6fd0fdad06858f2db4ea57","https:\/\/www.instagram.com\/intelligenteetaudacieuse\/","https:\/\/www.linkedin.com\/company\/86211223\/admin\/feed\/posts\/?feedType=following","https:\/\/www.youtube.com\/channel\/UC4vJC9O5Wzdc9y-HdHQJN2g"]}]}},"_links":{"self":[{"href":"https:\/\/intelligenteetaudacieuse.com\/index.php\/wp-json\/wp\/v2\/pages\/64","targetHints":{"allow":["GET"]}}],"collection":[{"href":"https:\/\/intelligenteetaudacieuse.com\/index.php\/wp-json\/wp\/v2\/pages"}],"about":[{"href":"https:\/\/intelligenteetaudacieuse.com\/index.php\/wp-json\/wp\/v2\/types\/page"}],"author":[{"embeddable":true,"href":"https:\/\/intelligenteetaudacieuse.com\/index.php\/wp-json\/wp\/v2\/users\/1"}],"replies":[{"embeddable":true,"href":"https:\/\/intelligenteetaudacieuse.com\/index.php\/wp-json\/wp\/v2\/comments?post=64"}],"version-history":[{"count":40,"href":"https:\/\/intelligenteetaudacieuse.com\/index.php\/wp-json\/wp\/v2\/pages\/64\/revisions"}],"predecessor-version":[{"id":2282,"href":"https:\/\/intelligenteetaudacieuse.com\/index.php\/wp-json\/wp\/v2\/pages\/64\/revisions\/2282"}],"wp:attachment":[{"href":"https:\/\/intelligenteetaudacieuse.com\/index.php\/wp-json\/wp\/v2\/media?parent=64"}],"curies":[{"name":"wp","href":"https:\/\/api.w.org\/{rel}","templated":true}]}}